{"id":290,"date":"2025-12-05T13:10:15","date_gmt":"2025-12-05T13:10:15","guid":{"rendered":"https:\/\/elboletinelectrico.es\/?page_id=290"},"modified":"2025-12-05T13:26:56","modified_gmt":"2025-12-05T13:26:56","slug":"aviso-legal","status":"publish","type":"page","link":"https:\/\/elboletinelectrico.es\/index.php\/aviso-legal\/","title":{"rendered":"Aviso Legal"},"content":{"rendered":"\n<p><\/p>\n\n\n\n<p>Titularidad del sitio web<br>El presente sitio web <a href=\"https:\/\/elboletinelectrico.es\/\">https:\/\/elboletinelectrico.es\/<\/a> (en adelante, el \u201cSitio Web\u201d) es titularidad de Electrok, y dispone como medio de contacto el correo electr\u00f3nico <a href=\"mailto:info@electrok.es\">info@electrok.es<\/a>.<\/p>\n\n\n\n<p>Objeto<br>El presente Aviso Legal regula el acceso, navegaci\u00f3n y uso del Sitio Web. El acceso al mismo implica la aceptaci\u00f3n expresa y sin reservas de todas las condiciones incluidas en este Aviso Legal.<\/p>\n\n\n\n<p>Propiedad intelectual e industrial<br>Todos los contenidos del Sitio Web, incluyendo a t\u00edtulo enunciativo textos, im\u00e1genes, dise\u00f1os, logotipos, iconos, software, nombres comerciales, marcas o cualquier otro signo susceptible de utilizaci\u00f3n industrial y\/o comercial, est\u00e1n sujetos a derechos de propiedad intelectual e industrial. Queda expresamente prohibida cualquier reproducci\u00f3n, distribuci\u00f3n, comunicaci\u00f3n p\u00fablica, transformaci\u00f3n o explotaci\u00f3n sin la autorizaci\u00f3n expresa de su titular.<\/p>\n\n\n\n<p>Uso del Sitio Web<br>El usuario se compromete a utilizar el Sitio Web de conformidad con la ley, la buena fe, el orden p\u00fablico, los usos del tr\u00e1fico y el presente Aviso Legal. El usuario responder\u00e1 frente al titular o frente a terceros de cualesquiera da\u00f1os y perjuicios que pudieran causarse como consecuencia del incumplimiento de dicha obligaci\u00f3n.<\/p>\n\n\n\n<p>Exclusi\u00f3n de responsabilidad<br>El titular no se hace responsable de los errores u omisiones de los contenidos del Sitio Web, ni de los da\u00f1os derivados del uso del mismo, ni de actuaciones de terceros realizadas sobre la base de la informaci\u00f3n publicada.<\/p>\n\n\n\n<p>Modificaciones<br>El titular se reserva el derecho de modificar en cualquier momento el contenido del presente Aviso Legal, as\u00ed como cualquier otro contenido del Sitio Web, sin necesidad de previo aviso.<\/p>\n\n\n\n<p>Legislaci\u00f3n aplicable y jurisdicci\u00f3n<br>Las relaciones entre el titular del Sitio Web y el usuario se regir\u00e1n por la normativa vigente en Espa\u00f1a. Para la resoluci\u00f3n de cualquier conflicto que pudiera derivarse del acceso o uso del Sitio Web, las partes se someten a los juzgados y tribunales que correspondan conforme a derecho.<\/p>\n","protected":false},"excerpt":{"rendered":"<p>Titularidad del sitio webEl presente sitio web https:\/\/elboletinelectrico.es\/ (en adelante, el \u201cSitio Web\u201d) es titularidad de Electrok, y dispone como medio de contacto el correo electr\u00f3nico info@electrok.es. ObjetoEl presente Aviso Legal regula el acceso, navegaci\u00f3n y uso del Sitio Web. El acceso al mismo implica la aceptaci\u00f3n expresa y sin reservas de todas las condiciones [&hellip;]<\/p>\n","protected":false},"author":1,"featured_media":0,"parent":0,"menu_order":0,"comment_status":"closed","ping_status":"closed","template":"","meta":{"footnotes":""},"class_list":["post-290","page","type-page","status-publish","hentry"],"_links":{"self":[{"href":"https:\/\/elboletinelectrico.es\/index.php\/wp-json\/wp\/v2\/pages\/290","targetHints":{"allow":["GET"]}}],"collection":[{"href":"https:\/\/elboletinelectrico.es\/index.php\/wp-json\/wp\/v2\/pages"}],"about":[{"href":"https:\/\/elboletinelectrico.es\/index.php\/wp-json\/wp\/v2\/types\/page"}],"author":[{"embeddable":true,"href":"https:\/\/elboletinelectrico.es\/index.php\/wp-json\/wp\/v2\/users\/1"}],"replies":[{"embeddable":true,"href":"https:\/\/elboletinelectrico.es\/index.php\/wp-json\/wp\/v2\/comments?post=290"}],"version-history":[{"count":2,"href":"https:\/\/elboletinelectrico.es\/index.php\/wp-json\/wp\/v2\/pages\/290\/revisions"}],"predecessor-version":[{"id":301,"href":"https:\/\/elboletinelectrico.es\/index.php\/wp-json\/wp\/v2\/pages\/290\/revisions\/301"}],"wp:attachment":[{"href":"https:\/\/elboletinelectrico.es\/index.php\/wp-json\/wp\/v2\/media?parent=290"}],"curies":[{"name":"wp","href":"https:\/\/api.w.org\/{rel}","templated":true}]}}