{"id":292,"date":"2025-12-05T13:10:44","date_gmt":"2025-12-05T13:10:44","guid":{"rendered":"https:\/\/elboletinelectrico.es\/?page_id=292"},"modified":"2025-12-05T13:27:39","modified_gmt":"2025-12-05T13:27:39","slug":"politica-de-cookies","status":"publish","type":"page","link":"https:\/\/elboletinelectrico.es\/index.php\/politica-de-cookies\/","title":{"rendered":"Pol\u00edtica de Cookies"},"content":{"rendered":"\n<p><\/p>\n\n\n\n<p>En <a href=\"https:\/\/elboletinelectrico.es\/\">https:\/\/elboletinelectrico.es\/<\/a> utilizamos cookies con el objetivo de mejorar la experiencia de navegaci\u00f3n del usuario, analizar el uso del sitio web y optimizar nuestros servicios.<\/p>\n\n\n\n<ol class=\"wp-block-list\">\n<li>\u00bfQu\u00e9 son las cookies?<br>Las cookies son peque\u00f1os archivos de texto que se almacenan en el dispositivo del usuario cuando visita una p\u00e1gina web. Sirven para reconocer al usuario, guardar sus preferencias y recoger informaci\u00f3n sobre su navegaci\u00f3n.<\/li>\n\n\n\n<li>Tipos de cookies que utiliza este sitio web<br>Este sitio web puede utilizar las siguientes cookies:<\/li>\n<\/ol>\n\n\n\n<ul class=\"wp-block-list\">\n<li>Cookies t\u00e9cnicas: Son necesarias para el correcto funcionamiento de la p\u00e1gina web y permiten, por ejemplo, la navegaci\u00f3n o el acceso a zonas seguras.<\/li>\n\n\n\n<li>Cookies de an\u00e1lisis: Permiten cuantificar el n\u00famero de usuarios y realizar la medici\u00f3n y an\u00e1lisis estad\u00edstico del uso que hacen los usuarios del sitio web.<\/li>\n\n\n\n<li>Cookies de personalizaci\u00f3n: Permiten recordar informaci\u00f3n para que el usuario acceda al servicio con determinadas caracter\u00edsticas.<\/li>\n\n\n\n<li>Cookies de terceros: Este sitio web puede utilizar servicios de terceros que recopilan informaci\u00f3n con fines estad\u00edsticos o publicitarios (por ejemplo, Google Analytics).<\/li>\n<\/ul>\n\n\n\n<ol start=\"3\" class=\"wp-block-list\">\n<li>Cookies utilizadas en este sitio web<br>Este sitio web puede utilizar, entre otras, las siguientes cookies:<\/li>\n<\/ol>\n\n\n\n<ul class=\"wp-block-list\">\n<li>Cookies de Google Analytics para analizar el tr\u00e1fico y comportamiento de los usuarios.<\/li>\n\n\n\n<li>Cookies t\u00e9cnicas propias necesarias para el correcto funcionamiento del sitio.<\/li>\n<\/ul>\n\n\n\n<ol start=\"4\" class=\"wp-block-list\">\n<li>\u00bfC\u00f3mo desactivar o eliminar las cookies?<br>El usuario puede permitir, bloquear o eliminar las cookies instaladas en su dispositivo mediante la configuraci\u00f3n de las opciones del navegador que utilice. A continuaci\u00f3n se indican enlaces a los principales navegadores:<\/li>\n<\/ol>\n\n\n\n<ul class=\"wp-block-list\">\n<li>Google Chrome<\/li>\n\n\n\n<li>Mozilla Firefox<\/li>\n\n\n\n<li>Microsoft Edge<\/li>\n\n\n\n<li>Safari<\/li>\n<\/ul>\n\n\n\n<p>La desactivaci\u00f3n de cookies puede afectar al correcto funcionamiento del sitio web.<\/p>\n\n\n\n<ol start=\"5\" class=\"wp-block-list\">\n<li>Aceptaci\u00f3n de la Pol\u00edtica de Cookies<br>Al acceder a este sitio web, el usuario acepta de forma expresa el uso de cookies en los t\u00e9rminos descritos en la presente Pol\u00edtica de Cookies.<\/li>\n\n\n\n<li>Modificaciones<br>Electrok se reserva el derecho a modificar la presente Pol\u00edtica de Cookies en cualquier momento. Cualquier cambio ser\u00e1 publicado en esta misma secci\u00f3n.<\/li>\n\n\n\n<li>Contacto<br>Para cualquier duda relacionada con la Pol\u00edtica de Cookies, el usuario puede contactar a trav\u00e9s del correo electr\u00f3nico:<br><a href=\"mailto:info@electrok.es\">info@electrok.es<\/a><\/li>\n<\/ol>\n","protected":false},"excerpt":{"rendered":"<p>En https:\/\/elboletinelectrico.es\/ utilizamos cookies con el objetivo de mejorar la experiencia de navegaci\u00f3n del usuario, analizar el uso del sitio web y optimizar nuestros servicios. La desactivaci\u00f3n de cookies puede afectar al correcto funcionamiento del sitio web.<\/p>\n","protected":false},"author":1,"featured_media":0,"parent":0,"menu_order":0,"comment_status":"closed","ping_status":"closed","template":"","meta":{"footnotes":""},"class_list":["post-292","page","type-page","status-publish","hentry"],"_links":{"self":[{"href":"https:\/\/elboletinelectrico.es\/index.php\/wp-json\/wp\/v2\/pages\/292","targetHints":{"allow":["GET"]}}],"collection":[{"href":"https:\/\/elboletinelectrico.es\/index.php\/wp-json\/wp\/v2\/pages"}],"about":[{"href":"https:\/\/elboletinelectrico.es\/index.php\/wp-json\/wp\/v2\/types\/page"}],"author":[{"embeddable":true,"href":"https:\/\/elboletinelectrico.es\/index.php\/wp-json\/wp\/v2\/users\/1"}],"replies":[{"embeddable":true,"href":"https:\/\/elboletinelectrico.es\/index.php\/wp-json\/wp\/v2\/comments?post=292"}],"version-history":[{"count":2,"href":"https:\/\/elboletinelectrico.es\/index.php\/wp-json\/wp\/v2\/pages\/292\/revisions"}],"predecessor-version":[{"id":302,"href":"https:\/\/elboletinelectrico.es\/index.php\/wp-json\/wp\/v2\/pages\/292\/revisions\/302"}],"wp:attachment":[{"href":"https:\/\/elboletinelectrico.es\/index.php\/wp-json\/wp\/v2\/media?parent=292"}],"curies":[{"name":"wp","href":"https:\/\/api.w.org\/{rel}","templated":true}]}}